{"id":12,"date":"2023-05-09T17:04:28","date_gmt":"2023-05-09T20:04:28","guid":{"rendered":"https:\/\/trabalheconosco.coferatacadista.com.br\/?page_id=12"},"modified":"2023-05-10T08:40:41","modified_gmt":"2023-05-10T11:40:41","slug":"home","status":"publish","type":"page","link":"https:\/\/trabalheconosco.coferatacadista.com.br\/index.php\/home\/","title":{"rendered":"P\u00e1gina Inicial"},"content":{"rendered":"\t\t<div data-elementor-type=\"wp-page\" data-elementor-id=\"12\" class=\"elementor elementor-12\">\n\t\t\t\t\t\t\t\t\t<section class=\"elementor-section elementor-top-section elementor-element elementor-element-285c01a elementor-section-boxed elementor-section-height-default elementor-section-height-default\" data-id=\"285c01a\" data-element_type=\"section\">\n\t\t\t\t\t\t<div class=\"elementor-container elementor-column-gap-default\">\n\t\t\t\t\t<div class=\"elementor-column elementor-col-100 elementor-top-column elementor-element elementor-element-dec4f64\" data-id=\"dec4f64\" data-element_type=\"column\">\n\t\t\t<div class=\"elementor-widget-wrap\">\n\t\t\t\t\t\t\t\t\t<\/div>\n\t\t<\/div>\n\t\t\t\t\t\t\t<\/div>\n\t\t<\/section>\n\t\t\t\t<section class=\"elementor-section elementor-top-section elementor-element elementor-element-0711997 elementor-section-boxed elementor-section-height-default elementor-section-height-default\" data-id=\"0711997\" data-element_type=\"section\">\n\t\t\t\t\t\t<div class=\"elementor-container elementor-column-gap-default\">\n\t\t\t\t\t<div class=\"elementor-column elementor-col-100 elementor-top-column elementor-element elementor-element-b29a3bb\" data-id=\"b29a3bb\" data-element_type=\"column\">\n\t\t\t<div class=\"elementor-widget-wrap elementor-element-populated\">\n\t\t\t\t\t\t\t\t<div class=\"elementor-element elementor-element-78e0bd1 elementor-grid-3 elementor-grid-tablet-2 elementor-grid-mobile-1 elementor-posts--thumbnail-top elementor-posts--show-avatar elementor-card-shadow-yes elementor-posts__hover-gradient elementor-widget elementor-widget-archive-posts\" data-id=\"78e0bd1\" data-element_type=\"widget\" data-settings=\"{&quot;archive_cards_columns&quot;:&quot;3&quot;,&quot;archive_cards_columns_tablet&quot;:&quot;2&quot;,&quot;archive_cards_columns_mobile&quot;:&quot;1&quot;,&quot;archive_cards_row_gap&quot;:{&quot;unit&quot;:&quot;px&quot;,&quot;size&quot;:35,&quot;sizes&quot;:[]},&quot;archive_cards_row_gap_tablet&quot;:{&quot;unit&quot;:&quot;px&quot;,&quot;size&quot;:&quot;&quot;,&quot;sizes&quot;:[]},&quot;archive_cards_row_gap_mobile&quot;:{&quot;unit&quot;:&quot;px&quot;,&quot;size&quot;:&quot;&quot;,&quot;sizes&quot;:[]},&quot;pagination_type&quot;:&quot;numbers&quot;}\" data-widget_type=\"archive-posts.archive_cards\">\n\t\t\t\t<div class=\"elementor-widget-container\">\n\t\t\t<link rel=\"stylesheet\" href=\"https:\/\/trabalheconosco.coferatacadista.com.br\/wp-content\/plugins\/elementor-pro\/assets\/css\/widget-posts.min.css\">\t\t<div class=\"elementor-posts-container elementor-posts elementor-posts--skin-cards\">\n\t\t\t\t\t\t<div class=\"elementor-posts-nothing-found\">\n\t\t\t\t\tIt seems we can&#039;t find what you&#039;re looking for.\t\t\t\t<\/div>\n\t\t\t\t\t<\/div>\n\t\t\n\t\t\t\t<\/div>\n\t\t\t\t<\/div>\n\t\t\t\t<div class=\"elementor-element elementor-element-6874c20 elementor-posts--align-center elementor-grid-3 elementor-grid-tablet-2 elementor-grid-mobile-1 elementor-posts--thumbnail-top elementor-widget elementor-widget-posts\" data-id=\"6874c20\" data-element_type=\"widget\" data-settings=\"{&quot;classic_row_gap&quot;:{&quot;unit&quot;:&quot;px&quot;,&quot;size&quot;:30,&quot;sizes&quot;:[]},&quot;classic_columns&quot;:&quot;3&quot;,&quot;classic_columns_tablet&quot;:&quot;2&quot;,&quot;classic_columns_mobile&quot;:&quot;1&quot;,&quot;classic_row_gap_tablet&quot;:{&quot;unit&quot;:&quot;px&quot;,&quot;size&quot;:&quot;&quot;,&quot;sizes&quot;:[]},&quot;classic_row_gap_mobile&quot;:{&quot;unit&quot;:&quot;px&quot;,&quot;size&quot;:&quot;&quot;,&quot;sizes&quot;:[]}}\" data-widget_type=\"posts.classic\">\n\t\t\t\t<div class=\"elementor-widget-container\">\n\t\t\t\t\t<div class=\"elementor-posts-container elementor-posts elementor-posts--skin-classic elementor-grid\">\n\t\t\t\t<article class=\"elementor-post elementor-grid-item post-682 jobpost type-jobpost status-publish hentry jobpost_category-loja-atacado-e-varejo jobpost_job_type-horario-integral jobpost_location-divinopolis\">\n\t\t\t\t<div class=\"elementor-post__text\">\n\t\t\t\t<div class=\"elementor-post__title\">\n\t\t\t<a href=\"https:\/\/trabalheconosco.coferatacadista.com.br\/index.php\/vaga\/repositor-de-loja\/\" >\n\t\t\t\tREPOSITOR DE LOJA\t\t\t<\/a>\n\t\t<\/div>\n\t\t\t\t<div class=\"elementor-post__excerpt\">\n\t\t\t<p>Atividades:Garantir a reposi\u00e7\u00e3o e organiza\u00e7\u00e3o de mercadoria nas g\u00f4ndolas, prateleiras, etc.Auxiliar no descarregamento do caminh\u00e3o de mercadoria, acompanhar o controle de estoque.Requisitos:Experi\u00eancia como repositorEnsino M\u00e9dio;Segunda<\/p>\n\t\t<\/div>\n\t\t\n\t\t<a class=\"elementor-post__read-more\" href=\"https:\/\/trabalheconosco.coferatacadista.com.br\/index.php\/vaga\/repositor-de-loja\/\" >\n\t\t\tLeia Mais\t\t<\/a>\n\n\t\t\t\t<\/div>\n\t\t\t\t<\/article>\n\t\t\t\t<article class=\"elementor-post elementor-grid-item post-681 jobpost type-jobpost status-publish hentry jobpost_category-loja-atacado-e-varejo jobpost_job_type-horario-integral jobpost_location-divinopolis\">\n\t\t\t\t<div class=\"elementor-post__text\">\n\t\t\t\t<div class=\"elementor-post__title\">\n\t\t\t<a href=\"https:\/\/trabalheconosco.coferatacadista.com.br\/index.php\/vaga\/fiscal-de-loja\/\" >\n\t\t\t\tFISCAL DE LOJA\t\t\t<\/a>\n\t\t<\/div>\n\t\t\t\t<div class=\"elementor-post__excerpt\">\n\t\t\t<p>Atividades:Atendimento ao cliente.Fiscaliza\u00e7\u00e3o da movimenta\u00e7\u00e3o dentro da loja.Requisitos:Experi\u00eancia em fiscal de lojaEnsino M\u00e9dio;Segunda a S\u00e1badoRenumera\u00e7\u00e3o e benef\u00edcios:Sal\u00e1rio \/ bonifica\u00e7\u00e3o \/ refei\u00e7\u00e3o na empresa \/ plano<\/p>\n\t\t<\/div>\n\t\t\n\t\t<a class=\"elementor-post__read-more\" href=\"https:\/\/trabalheconosco.coferatacadista.com.br\/index.php\/vaga\/fiscal-de-loja\/\" >\n\t\t\tLeia Mais\t\t<\/a>\n\n\t\t\t\t<\/div>\n\t\t\t\t<\/article>\n\t\t\t\t<article class=\"elementor-post elementor-grid-item post-680 jobpost type-jobpost status-publish hentry jobpost_category-loja-atacado-e-varejo jobpost_job_type-horario-integral jobpost_location-divinopolis\">\n\t\t\t\t<div class=\"elementor-post__text\">\n\t\t\t\t<div class=\"elementor-post__title\">\n\t\t\t<a href=\"https:\/\/trabalheconosco.coferatacadista.com.br\/index.php\/vaga\/operador-de-caixa\/\" >\n\t\t\t\tOPERADOR DE CAIXA\t\t\t<\/a>\n\t\t<\/div>\n\t\t\t\t<div class=\"elementor-post__excerpt\">\n\t\t\t<p>Atividades:Atendimento ao cliente,Recebimento, controle de caixa, etc.Requisitos:Experi\u00eancia em opera\u00e7\u00e3o de caixaEnsino M\u00e9dio;Segunda a S\u00e1badoRenumera\u00e7\u00e3o e benef\u00edcios:Sal\u00e1rio \/ bonifica\u00e7\u00e3o \/ refei\u00e7\u00e3o na empresa \/ plano de<\/p>\n\t\t<\/div>\n\t\t\n\t\t<a class=\"elementor-post__read-more\" href=\"https:\/\/trabalheconosco.coferatacadista.com.br\/index.php\/vaga\/operador-de-caixa\/\" >\n\t\t\tLeia Mais\t\t<\/a>\n\n\t\t\t\t<\/div>\n\t\t\t\t<\/article>\n\t\t\t\t<article class=\"elementor-post elementor-grid-item post-304 jobpost type-jobpost status-publish hentry jobpost_category-logistica jobpost_job_type-horario-integral jobpost_location-carmodocajuru\">\n\t\t\t\t<div class=\"elementor-post__text\">\n\t\t\t\t<div class=\"elementor-post__title\">\n\t\t\t<a href=\"https:\/\/trabalheconosco.coferatacadista.com.br\/index.php\/vaga\/auxiliar-de-logistica-carmo-do-cajuru-mg\/\" >\n\t\t\t\tAUXILIAR DE LOG\u00cdSTICA\t\t\t<\/a>\n\t\t<\/div>\n\t\t\t\t<div class=\"elementor-post__excerpt\">\n\t\t\t<p>Principais atribui\u00e7\u00f5es: Auxiliar no estoque, armazenamento, separa\u00e7\u00e3o e carregamento de mercadoria. Escolaridade M\u00ednima: Ensino M\u00e9dio CompletoHor\u00e1rio de trabalho: 11:12 \u00e0s 21:00 Benef\u00edcios:Plano Sa\u00fade\/Odontol\u00f3gicoVale Transporte\/\u00d4nibus da<\/p>\n\t\t<\/div>\n\t\t\n\t\t<a class=\"elementor-post__read-more\" href=\"https:\/\/trabalheconosco.coferatacadista.com.br\/index.php\/vaga\/auxiliar-de-logistica-carmo-do-cajuru-mg\/\" >\n\t\t\tLeia Mais\t\t<\/a>\n\n\t\t\t\t<\/div>\n\t\t\t\t<\/article>\n\t\t\t\t<article class=\"elementor-post elementor-grid-item post-167 jobpost type-jobpost status-publish hentry jobpost_category-vendas jobpost_job_type-horario-integral jobpost_location-carmodocajuru jobpost_location-divinopolis\">\n\t\t\t\t<div class=\"elementor-post__text\">\n\t\t\t\t<div class=\"elementor-post__title\">\n\t\t\t<a href=\"https:\/\/trabalheconosco.coferatacadista.com.br\/index.php\/vaga\/operadora-de-telemarketing-carmo-do-cajuru-mg\/\" >\n\t\t\t\tOPERADORA DE TELEMARKETING\t\t\t<\/a>\n\t\t<\/div>\n\t\t\t\t<div class=\"elementor-post__excerpt\">\n\t\t\t<p>Descri\u00e7\u00e3o das Atividades: Requisitos: Hor\u00e1rio de Trabalho:<\/p>\n\t\t<\/div>\n\t\t\n\t\t<a class=\"elementor-post__read-more\" href=\"https:\/\/trabalheconosco.coferatacadista.com.br\/index.php\/vaga\/operadora-de-telemarketing-carmo-do-cajuru-mg\/\" >\n\t\t\tLeia Mais\t\t<\/a>\n\n\t\t\t\t<\/div>\n\t\t\t\t<\/article>\n\t\t\t\t<article class=\"elementor-post elementor-grid-item post-366 jobpost type-jobpost status-publish hentry jobpost_category-producao jobpost_job_type-horario-integral jobpost_location-divinopolis\">\n\t\t\t\t<div class=\"elementor-post__text\">\n\t\t\t\t<div class=\"elementor-post__title\">\n\t\t\t<a href=\"https:\/\/trabalheconosco.coferatacadista.com.br\/index.php\/vaga\/auxiliar-de-producao-2\/\" >\n\t\t\t\tAUXILIAR DE PRODU\u00c7\u00c3O\t\t\t<\/a>\n\t\t<\/div>\n\t\t\t\t<div class=\"elementor-post__excerpt\">\n\t\t\t<p>Atividades:Auxiliar na produ\u00e7\u00e3o em fabrica de padr\u00e3o de energia;Realizar acabamento dos produtos;Organiza\u00e7\u00e3o da \u00e1rea de servi\u00e7o;Dentre outras atividades inerente \u00e0 fun\u00e7\u00e3o.Requisitos:Ensino M\u00e9dioExperi\u00eancia em produ\u00e7\u00e3o.Hor\u00e1rio:07h30 \u00e0s<\/p>\n\t\t<\/div>\n\t\t\n\t\t<a class=\"elementor-post__read-more\" href=\"https:\/\/trabalheconosco.coferatacadista.com.br\/index.php\/vaga\/auxiliar-de-producao-2\/\" >\n\t\t\tLeia Mais\t\t<\/a>\n\n\t\t\t\t<\/div>\n\t\t\t\t<\/article>\n\t\t\t\t<\/div>\n\t\t\n\t\t\t\t<\/div>\n\t\t\t\t<\/div>\n\t\t\t\t\t<\/div>\n\t\t<\/div>\n\t\t\t\t\t\t\t<\/div>\n\t\t<\/section>\n\t\t\t\t\t\t\t<\/div>\n\t\t","protected":false},"excerpt":{"rendered":"","protected":false},"author":1,"featured_media":0,"parent":0,"menu_order":0,"comment_status":"closed","ping_status":"closed","template":"","meta":{"inline_featured_image":false},"_links":{"self":[{"href":"https:\/\/trabalheconosco.coferatacadista.com.br\/index.php\/wp-json\/wp\/v2\/pages\/12"}],"collection":[{"href":"https:\/\/trabalheconosco.coferatacadista.com.br\/index.php\/wp-json\/wp\/v2\/pages"}],"about":[{"href":"https:\/\/trabalheconosco.coferatacadista.com.br\/index.php\/wp-json\/wp\/v2\/types\/page"}],"author":[{"embeddable":true,"href":"https:\/\/trabalheconosco.coferatacadista.com.br\/index.php\/wp-json\/wp\/v2\/users\/1"}],"replies":[{"embeddable":true,"href":"https:\/\/trabalheconosco.coferatacadista.com.br\/index.php\/wp-json\/wp\/v2\/comments?post=12"}],"version-history":[{"count":13,"href":"https:\/\/trabalheconosco.coferatacadista.com.br\/index.php\/wp-json\/wp\/v2\/pages\/12\/revisions"}],"predecessor-version":[{"id":30,"href":"https:\/\/trabalheconosco.coferatacadista.com.br\/index.php\/wp-json\/wp\/v2\/pages\/12\/revisions\/30"}],"wp:attachment":[{"href":"https:\/\/trabalheconosco.coferatacadista.com.br\/index.php\/wp-json\/wp\/v2\/media?parent=12"}],"curies":[{"name":"wp","href":"https:\/\/api.w.org\/{rel}","templated":true}]}}